-6)/(3 - 35/11). Calculate the highest common divisor of r and 11.
11
Let o = 7 - 1. Suppose -10 = -w - p, 2*w - 39 = -5*p - 7. Calculate the highest common factor of w and o.
6
Suppose -s + 4 - 26 = 0. Let i be 4/s - (-624)/44. Suppose -2*m + 135 = -173. Calculate the greatest common factor of m and i.
14
Let m = 24 + 9. Calculate the greatest common divisor of 297 and m.
33
Let p be 12/4 + -1 + -10. Let h be -1 - 5/(10/p). Calculate the highest common factor of h and 24.
3
Suppose 2*p - 31 - 9 = 0. What is the highest common divisor of 4 and p?
4
Let y(w) = w**3 + 7*w**2 + 3*w + 3. Let t be y(-6). Suppose -9 = 5*z - 3*d, -5*d + 6 = -3*d. Let s = 3 - z. What is the greatest common divisor of t and s?
3
Let s = 7 + -4. Suppose 0 = -s*u + 2*u + 2. Let f be (2*1/6 + 0)*9. What is the greatest common divisor of f and u?
1
Suppose 5*r - 10 - 5 = 0. Suppose 4*p + 0*p - 20 = 0. Suppose -c + 4*z + 78 = c, -4*c - p*z = -117. What is the highest common factor of c and r?
3
Suppose 6 - 14 = -4*c. Suppose -38 = -c*i + 46. What is the greatest common factor of i and 6?
6
Let r = -17 - 12. Let i = 10 - r. What is the greatest common divisor of 26 and i?
13
Let f(i) = 66*i + 11. Let j(o) = -13*o - 2. Let s(a) = -4*f(a) - 22*j(a). Let l be s(3). Calculate the highest common factor of 6 and l.
6
Let v = 6 + -8. Let l be 1/(v/8*-2). Calculate the greatest common divisor of 4 and l.
2
Let d be -1 + 3 + -4 + 1. Let q be (-8)/12*(-2 + d). Calculate the greatest common divisor of 14 and q.
2
Let s be (-11 + 17)/(3/2). Suppose 5*q + 5*t - 52 - 43 = 0, 2*t + 46 = s*q. What is the greatest common factor of 70 and q?
14
Suppose 0 = 3*t + z + 32, -t + 0*t - 14 = 2*z. Let k be 58/(-10) - (-5)/(-25). Let x be ((-35)/t)/((-1)/k). Calculate the greatest common divisor of x and 14.
7
Let o = -93 - -145. Suppose v - 21 = -2*k, 3*v - 12 = k + 8*v. What is the greatest common divisor of k and o?
13
Let w(v) = -v**2 + 8*v - 3. Let z be w(5). Suppose 162 + 234 = 3*h. Calculate the highest common divisor of z and h.
12
Let d(p) = 7*p - 9. Let u be d(4). Suppose u = 2*m - y - 38, 0 = -4*m + 4*y + 108. What is the greatest common factor of m and 30?
30
Let y = 2 + -3. Let t(x) = -24*x. Let z(r) = 264*r. Let w(f) = -32*t(f) - 3*z(f). Let o be w(y). What is the highest common divisor of 3 and o?
3
Let u be 1*(-5 - -2) - (-1 - 28). What is the greatest common factor of u and 78?
26
Let p = 13 + -8. Suppose y = 15 - p. Suppose -34 = -w - 14. Calculate the greatest common factor of w and y.
10
Suppose 22 = 8*l - 98. Calculate the greatest common factor of l and 15.
15
Let p = -92 - -94. What is the highest common factor of p and 38?
2
Suppose -4*b - 5*v = 15, 0*b - 5*b - 3*v - 22 = 0. Let m be 0/(-2) + -1 - b. Let d be 143/4 - 31/(-124). Calculate the highest common divisor of m and d.
4
Let q(d) = -8*d + 10. Let y be q(-5). Calculate the highest common factor of y and 20.
10
Let s be ((-5)/(-1))/(-4 - -5). Calculate the highest common divisor of 45 and s.
5
Let s = 0 + 5. Suppose 9*v = s*v + 280. What is the greatest common divisor of v and 28?
14
Let u(z) = z**2. Let o be u(4). Let y(c) = -c**3 + 2*c**2 + 3*c. Let m be y(3). Suppose 0 = -2*g + 4 - m. Calculate the greatest common divisor of g and o.
2
Let o(f) = -f**3 - 7*f**2 - f + 4. Let s = 0 + 2. Let c be s*(-21)/6*1. Let b be o(c). Calculate the highest common divisor of b and 33.
11
Suppose 0 = 5*c - 3*g - 136, -3*g - 19 - 13 = -c. What is the greatest common divisor of c and 13?
13
Suppose -2*v = v - 45. Suppose 2*a - 2*x - v = -3*x, a - 5 = 2*x. Suppose -19 = -2*k - a. Calculate the greatest common divisor of 4 and k.
2
Let h = 46 - 22. Calculate the highest common factor of h and 6.
6
Suppose 3*s = -s + 68. Suppose -4*b = 76 - 688. What is the highest common factor of b and s?
17
Let z be (4 - -2) + (-15)/(-5). Calculate the greatest common divisor of 3 and z.
3
Let d be 1 + 2 + -8 + 229. Suppose -4*u + 195 = 3*k, 0 = 4*k - 2*u - d - 36. What is the highest common divisor of k and 13?
13
Suppose -2*k - 70 = -9*k. What is the highest common divisor of 90 and k?
10
Let s = -4 - -7. Suppose 2*h - 25 = -0*h + s*z, -3*h = z - 32. Let x = -64 - -152. What is the highest common factor of x and h?
11
Suppose 3*d = -d + t + 36, -t = 2*d - 18. Let y be 1/((-3)/d - 0). Let b be -1 - y - (-62 - 0). Calculate the greatest common factor of b and 8.
8
Suppose 5 - 3 = -f. Let s(u) = -u**3 + u**2 - 3*u - 2. Let y be s(f). Suppose -5*x + 0 - 9 = -2*h, -2*x - 2 = 0. What is the highest common divisor of y and h?
2
Let q be (-2 + 1)/((-1)/2). Suppose -q*h = 2*p - 28, -3*p - 6 = -2*h + 22. Calculate the greatest common divisor of 35 and h.
7
Suppose 3*j + 0*j - 72 = 0. What is the highest common divisor of j and 168?
24
Let d = -8 + 9. Suppose 5*o + 16 = o. Let w be o/(-1) - (2 - 1). What is the highest common divisor of w and d?
1
Let x(k) = k**2 - k + 1. Let c be x(5). What is the highest common factor of c and 7?
7
Suppose m + 16 = 5*m. What is the greatest common divisor of 8 and m?
4
Let g(k) = k**3 - 4*k**2 - k + 5. Let i be g(4). Let u be 15 + i + 1 + -1. Suppose -c + 11 = -69. Calculate the greatest common divisor of u and c.
16
Let s(b) = -19 + 0*b + 17 + b**3 - 3*b. Let r be s(5). What is the highest common factor of 12 and r?
12
Let m(f) = -8*f + 11. Let l = -3 + -5. Let p be m(l). What is the greatest common factor of 15 and p?
15
Suppose 0 = -4*x + 24 + 20. Calculate the greatest common factor of x and 44.
11
Suppose 0 = 5*n - 137 - 268. Calculate the greatest common divisor of 9 and n.
9
Suppose 2*t = -2*t + 88. Calculate the greatest common factor of 66 and t.
22
Suppose -5*m + 1305 + 455 = 0. What is the greatest common divisor of 32 and m?
32
Let a be 7344/81 - 1/(-3)*1. Let h be (0 - 1)/((-1)/4). Suppose l - 48 = -h*z, -5*z + 48 = -4*l - 33. Calculate the highest common factor of z and a.
13
Suppose 0 = -5*x + 33 - 8. Let f = x + -4. Let w = -5 - -14. Calculate the greatest common divisor of w and f.
1
Suppose -5*b + 3*b + 400 = 0. Calculate the greatest common divisor of 50 and b.
50
Let d(y) = y**3 + 9*y**2 - 9*y + 12. Let v be d(-10). Let t be (-2 - -1)*(0 - 14). Calculate the highest common divisor of t and v.
2
Let g(c) = -c**3 + 8*c**2 + 12*c - 14. Let u be g(9). Calculate the highest common factor of u and 13.
13
Suppose 7*u + 167 = 566. Let n = u + 18. What is the greatest common factor of n and 30?
15
Let l = -24 - -35. What is the highest common factor of 121 and l?
11
Let l(u) = 2*u - 3. Let o be l(4). Calculate the greatest common factor of o and 65.
5
Let y be (-14)/(-6) - 3/9. Calculate the greatest common divisor of y and 1.
1
Let r be (-1 - -1)/(-2) - (-60)/4. Suppose z - 5*k - 18 = -0, 0 = z - 3*k - 12. What is the greatest common divisor of r and z?
3
Let p be 35 + 9/12 + (-5)/(-20). Calculate the highest common divisor of p and 4.
4
Let c be 8 + 1 + -1 + -2 + -2. Calculate the highest common factor of c and 28.
4
Let f be 36*((-10)/3)/(-5). What is the greatest common factor of 264 and f?
24
Let g = 914 + -623. Suppose -221 = -4*n + g. What is the highest common divisor of 16 and n?
16
Suppose 0 = 4*f - 2*f - 156. Calculate the greatest common divisor of f and 52.
26
Let j(f) = 2*f**2 - 8*f + 8. Let h be j(6). What is the greatest common factor of 256 and h?
32
Let b(n) = n - 3. Let w = -2 - -5. Let h be b(w). Suppose -y + 33 + 134 = -5*r, 3*y - 5*r - 471 = h. Calculate the highest common divisor of y and 19.
19
Suppose 23 = t + k, -5*t + 8*k + 105 = 3*k. What is the greatest common divisor of 2 and t?
2
Let d(s) = -11*s - 7. Let t(h) = 1. Let x(j) = d(j) + 5*t(j). Let r be x(-2). Calculate the highest common factor of 5 and r.
5
Let g be 1 + 3/3 - (8 + -34). What is the greatest common factor of 70 and g?
14
Let n(h) = h + 22. Let k be n(-13). Let f be 0 + 17*(-1 + 2). Let i = f - k. Calculate the greatest common factor of 56 and i.
8
Suppose -1 + 43 = -3*w. Let k be 4*4/(-1)*w. What is the highest common divisor of k and 28?
28
Let x be ((-30)/(-12))/((-2)/4). Let p = 8 + x. Suppose 0 = 3*u + u - p*b - 56, 0 = -u - b + 7. Calculate the highest common divisor of u and 77.
11
Let y = -10 - -39. Calculate the highest common divisor of 58 and y.
29
Let p = -153 - -186. Calculate the greatest common divisor 